t of m?
2
Let w = 50168 - 25305. What is the tens digit of w?
6
Suppose -2*a - 20 = 3*c - 232, -3*c = -3*a - 192. Let r = 34 + c. Let z = -3 + r. What is the units digit of z?
9
Suppose 3*g - 3*i - 3696 = 0, -4*g + 4*i = 3*i - 4925. What is the tens digit of g?
3
Let k be ((-363)/99)/(1/21). Let t = k - -188. What is the hundreds digit of t?
1
Suppose -5*y + 54572 = 2*o, 3*o + 36 = 9*o. What is the tens digit of y?
1
Let q = -1660 - -3656. What is the tens digit of q?
9
Suppose -3443507 = 225*g - 10957832. What is the ten thousands digit of g?
3
Let q = -41 + 237. Let x = -362 + 372. Suppose -x*r + 3*r = -q. What is the tens digit of r?
2
What is the units digit of 174950/18 - 0 - (-64)/(-144)?
9
Let s(b) be the third derivative of -5/12*b**4 + 0 - 15*b**2 + 1/10*b**5 + 0*b - 1/6*b**3. What is the units digit of s(5)?
9
Let r = 2969 - -3313. What is the tens digit of r?
8
Suppose -y - 5 + 8 = 0. Suppose -y*m - 5*m = 3*m. Suppose m = -2*q - 0 + 20. What is the tens digit of q?
1
Let o(y) = -4*y**3 - 45*y**2 - 12*y - 6. Let g be o(-11). Suppose -1384 = g*t - 5749. What is the hundreds digit of t?
8
Suppose 2*g = 4*p - 12, 2*p - p - 9 = 2*g. Let m be ((-6)/9 + p)/((-2)/(-18)). Suppose m*n + 4*x + 0*x - 47 = 0, 5*n + 4*x = 81. What is the units digit of n?
7
Let z(a) = -3*a**2 - 14*a - 8. Let r be z(-4). Suppose 3*l - 2*w - 3470 = r, -4*l + 4*w = w - 4627. What is the thousands digit of l?
1
Let v(f) = -f**3 - f**2 + 2*f + 1. Let z be v(-2). Suppose n = 5*x + 5, -z = -n - 3*x + 4. What is the hundreds digit of (59/(-5)*4)/((-2)/n)?
1
Suppose 223*b = 74*b - 3082 + 1072306. What is the hundreds digit of b?
1
Let j be ((-8)/12)/(2 - 30980/15495). Let w = j - -1746. What is the tens digit of w?
1
Let u(q) = 947*q - 214. What is the thousands digit of u(19)?
7
Suppose -5*w - 16*w + 65436 = -18*w. What is the thousands digit of w?
1
Let i = 4037 + 526. What is the hundreds digit of i?
5
Suppose 3*d + 0 - 12 = 0. Suppose d*i + 4*v = -v + 11, 0 = 5*i + v - 19. Suppose -121 = 3*n - i*n. What is the hundreds digit of n?
1
What is the thousands digit of 2 - 6 - (22301/(-6 + 5) - 1)?
2
Let j(c) = 3*c**2 - 6*c + 0*c**2 + 3*c**2 + 12. Suppose -66*p = 67*p - 665. What is the tens digit of j(p)?
3
Let q(x) = x**3 + 10*x**2 + 10*x + 12. Let i be q(-9). What is the tens digit of 14/7 - (-1042 + i)?
4
Suppose 81204 - 630886 = -70*p + 1019228. What is the tens digit of p?
1
Let b be (96/(-10))/((-6)/15). What is the units digit of (0 + b/(-5))/((-3)/120)?
2
Suppose 0 = -9*l + 174 + 96. Suppose 0 = -41*c + 36*c - l. Let u(z) = z**2 - 2*z - 3. What is the tens digit of u(c)?
4
Suppose 5*d = 5*i - 52045, 95*i - 96*i = -8*d - 10381. What is the hundreds digit of i?
4
Suppose -5*p + 5*m = -353141 - 47284, -4*m + 20 = 0. What is the thousands digit of p?
0
Let d = 37777 + -26251. What is the units digit of d?
6
Suppose -150*c + 145*c + 3*u + 99553 = 0, 0 = c - 5*u - 19893. What is the hundreds digit of c?
9
Suppose -5*h = -h - 112. Suppose h = 3*y - 17. What is the units digit of 1 - y/9 - (-143)/3?
7
Let b(h) = -17*h + 404. Let x be b(23). Let c(g) be the second derivative of g**5/20 - g**4 - 7*g**3/6 + 7*g**2 + g. What is the units digit of c(x)?
2
Suppose -z - 4*c + 357 = -6*c, 0 = 3*z - c - 1086. Let u = 625 - z. What is the hundreds digit of u?
2
Suppose 0 = -77*z + 74*z + 729. Let a = z + 102. What is the units digit of a?
5
Let u(k) = 3586*k - 712. What is the ten thousands digit of u(7)?
2
What is the tens digit of -20349*(7 + 308/(-42))?
8
Suppose 5*s - 2*o + 0*o - 15416 = 0, -2*o = -4*s + 12332. Suppose 5*n - 8*n = -s. Suppose -n = -14*z + 1044. What is the units digit of z?
8
Let i be (2/(-4))/(2/12). Let l be (6/(-9))/(2/i). What is the tens digit of 0 - l/(-3) - 1120/(-60)?
1
What is the thousands digit of (-12)/42 + 2041/182*482?
5
Suppose -28*a + 63935 = -35605. What is the hundreds digit of a?
5
What is the units digit of 1028*(20 + -7 + -8)?
0
Let g = 21214 - 8749. What is the ten thousands digit of g?
1
Let p(m) = 2257*m**2 + 4*m + 26. What is the tens digit of p(-2)?
4
Suppose 16*k + 13*k = 34*k - 50120. What is the tens digit of k?
2
Suppose 5*o = -33*w + 32*w + 355488, -2*w - 14 = 0. What is the hundreds digit of o?
0
Suppose 8 = -y + 13. Suppose 5*w - 8 = -2*c, 0 = 5*w - 3*c + 7 + y. What is the units digit of (3 + w - 4)/((-3)/489)?
3
Suppose -4*y - 2*b = -24208, 0 = y + 9*b - 10*b - 6058. Suppose 3*p - y = -954. What is the hundreds digit of p?
7
Suppose 5*n = -4*h + 26472, -3*h - 10575 = -n - n. What is the hundreds digit of n?
2
Let j = 52079 - 21078. What is the thousands digit of j?
1
Let c(h) = 68*h - 2. Let r be c(1). Let s = 305 - r. What is the units digit of s?
9
Suppose 28*g = o + 27*g - 45, 2*o = -2*g + 110. Suppose 0 = o*u - 40*u - 2230. What is the units digit of u?
3
Suppose -36*w + 9*h + 29030 = -34*w, -2*w = 3*h - 29102. What is the hundreds digit of w?
5
Let z(a) be the second derivative of -5/6*a**3 + 0 - 35*a - 39/2*a**2. What is the tens digit of z(-20)?
6
Let q(g) = -12*g**3 - 63*g**2 - 40*g + 468. What is the thousands digit of q(-19)?
0
Suppose 5*a = 2*o + 23961, -4*o = 4*a - 2*o - 19158. What is the hundreds digit of a?
7
Let j = -11 + 20. Let x(n) = 4 - 31*n + 10 + 82*n - 41*n + 7. What is the tens digit of x(j)?
1
Let j(q) = 9 + 23 - 5 + 36*q. Let o(d) = d**2 + 2*d - 94. Let g be o(9). What is the tens digit of j(g)?
0
Let t be ((-48)/(-84))/((-4)/(-14)). Let o(j) = 7 + 12*j - 1 + 5*j. What is the tens digit of o(t)?
4
Let n = -564 - -12763. What is the thousands digit of n?
2
Let n = 496 + -374. What is the hundreds digit of n?
1
Let x = -1200 + 2792. Suppose 4*j - x = -4*s, 7*s - 4*s + j - 1192 = 0. What is the tens digit of s?
9
What is the tens digit of (7003 - -12) + (6 - ((-30)/(-6) + -1))?
1
Suppose 2*o = 2*b - 6, 3*o - 5*o - 20 = -4*b. Suppose 3*c - 5 = b. What is the tens digit of (1624/70)/(c/10)?
5
Suppose 3*n - 132 = -3*h, -3*h - 150 = -2*n - n. Let v = -47 + n. Suppose -c - c + 312 = v. What is the tens digit of c?
5
Suppose 27*i = 55664 + 76069. What is the units digit of i?
9
Suppose l = -4*f + 10528, -4*f - 11759 = -2*l + 9213. What is the hundreds digit of l?
5
Let i(d) = 8*d + 63. Suppose -2*r + a = 6, 0 = 4*r - a + 11 - 1. Let s be (2 + r)*(-5)/(-50)*5. What is the units digit of i(s)?
3
Suppose -5*v = 5*z + 30, 0 = 5*z - 0*z + 2*v + 18. Let g be (-2 - -4 - -78 - z) + -2. Let x = g - 39. What is the tens digit of x?
4
Let c(q) = -q**2 + 392*q - 2259. What is the hundreds digit of c(107)?
2
Let i(h) = -4*h**3 - 9*h**2 - 4*h - 9. Let z be i(-4). Let n = -167 + z. Let r = 59 - n. What is the units digit of r?
7
Suppose 5*k - 4042 - 5108 = 5*t, k + 4*t - 1835 = 0. What is the thousands digit of k?
1
Suppose -5934 = -12*a - 1854. Let l be -3 + (-2 - -3 - -7). Suppose l*t - a = -4*u, t - 2*u - 3*u = 68. What is the tens digit of t?
6
Let y = -2023 - -7921. What is the thousands digit of y?
5
Suppose -3*s = -3*k - 2*k - 20, s + 3*k + 12 = 0. Suppose -2*y + 6 = -4, s = 2*d + 3*y + 33. Let g = d - -49. What is the units digit of g?
5
Let m(g) = 58*g**2 + 31*g + 243. What is the ten thousands digit of m(-16)?
1
Suppose 9 = 6*c - 5*c - 2*o, -2*c + o = -12. Let b = c + -40. Let r = b - -115. What is the units digit of r?
0
Suppose 35*v - 6*v = 1215615 - 216420. What is the tens digit of v?
5
Let b(s) = s**2 - 21*s + 6. Let i be b(21). Let a be (-1688)/(-20) - 4 - i/15. Suppose 6*h - 118 = a. What is the units digit of h?
3
Let z(l) be the third derivative of -2*l**4/3 + 16*l**3/3 - 27*l**2. Let w be z(13). Let u = 293 + w. What is the units digit of u?
7
Let u = -806 - -810. What is the hundreds digit of (-8 + -4)*(-127)/u?
3
Suppose -2*x + 90 = 98. What is the units digit of (-462)/98 + x/14 + 207?
2
Let q be -3*(-15)/9 - 1. Suppose y = 2*c + 542, -4*y + 1544 = -q*c - 616. Suppose -16*b + 806 = -y. What is the tens digit of b?
8
Let y(l) = 7*l - 10 - 283*l**2 + 0*l + 282*l**2. Let b be y(7). What is the tens digit of (-474)/(-24)*b*(-8)/10?
5
Suppose 28 = z + 9. Let q(w) be the second derivative of -w**4/12 + 19*w**3/6 + 15*w**2/2 - 8*w - 33. What is the units digit of q(z)?
5
Let a = -1462 - -2849. Let i = a + -695. Suppose 11 - 10 = s, 0 = -5*o + 3*s + i. What is the tens digit of o?
3
Let q = -422 + 429. Let